factor of 153630 and 488970.
270
Calculate the greatest common factor of 1042964 and 77376.
1612
What is the highest common factor of 115 and 283354940?
115
What is the highest common factor of 10388 and 590842?
98
Calculate the highest common factor of 2424 and 31324544.
808
What is the highest common divisor of 39510 and 18?
18
What is the greatest common divisor of 7215 and 154155?
15
What is the greatest common divisor of 116472316 and 11860?
2372
Calculate the highest common factor of 7 and 4863509.
7
What is the highest common factor of 36283 and 104?
13
Calculate the highest common divisor of 250282 and 14.
2
What is the highest common factor of 2838932 and 1054?
34
What is the greatest common divisor of 1690 and 7021781?
169
What is the greatest common divisor of 5754 and 45684842?
1918
What is the highest common factor of 274464 and 26208?
288
Calculate the greatest common factor of 57930 and 52410.
30
What is the highest common factor of 181546 and 10234?
86
What is the greatest common factor of 14060 and 39546410?
190
What is the highest common factor of 468020 and 15400?
140
What is the highest common divisor of 507 and 68559075?
507
Calculate the greatest common factor of 25499650 and 1100.
550
What is the highest common divisor of 3612670 and 16490?
170
What is the highest common factor of 305163 and 15061324?
827
What is the greatest common divisor of 199878 and 101402?
14
What is the highest common factor of 1049464 and 24128?
104
Calculate the highest common divisor of 99518 and 2350381.
2927
Calculate the highest common factor of 334103051 and 101.
101
Calculate the highest common divisor of 543523 and 9238.
31
Calculate the greatest common divisor of 34063426 and 44904.
3742
Calculate the greatest common divisor of 27657312 and 16962.
1542
Calculate the greatest common divisor of 12797804 and 18020.
3604
Calculate the greatest common factor of 657 and 13096323.
9
Calculate the highest common divisor of 375518 and 8982688.
3718
Calculate the greatest common divisor of 1813 and 93492.
49
What is the highest common divisor of 1234 and 236897767?
617
Calculate the highest common factor of 27531 and 687861.
207
What is the greatest common factor of 5724 and 189027?
27
What is the greatest common factor of 2923470 and 13530?
330
Calculate the greatest common divisor of 677 and 2953751.
677
What is the highest common factor of 515 and 735220?
5
Calculate the greatest common factor of 20930 and 2384640.
230
Calculate the greatest common factor of 293301808 and 38558.
2966
Calculate the greatest common divisor of 212006 and 906251.
1493
Calculate the highest common divisor of 759651 and 36405.
2427
What is the highest common factor of 70 and 3468626?
14
Calculate the greatest common divisor of 45771140 and 4.
4
What is the highest common factor of 5 and 6979195?
5
What is the greatest common factor of 123557940 and 32208?
8052
What is the greatest common divisor of 9556 and 275466034?
4778
Calculate the greatest common divisor of 3724402 and 1290.
86
Calculate the greatest common divisor of 114071 and 8843.
37
Calculate the greatest common factor of 2320 and 707245504.
464
Calculate the highest common factor of 260 and 76794172.
52
Calculate the highest common divisor of 438 and 53358.
6
Calculate the greatest common divisor of 5447 and 10922492.
419
What is the greatest common factor of 9241688 and 8?
8
Calculate the highest common divisor of 53494 and 6594.
14
What is the highest common divisor of 133550 and 9190?
10
Calculate the highest common divisor of 12 and 2038362.
6
What is the greatest common divisor of 353735 and 201750?
1345
Calculate the greatest common divisor of 161236 and 537764.
932
Calculate the greatest common divisor of 1696650 and 162.
6
What is the greatest common factor of 91665 and 476893710?
13095
Calculate the highest common divisor of 211216019 and 2842.
1421
What is the highest common factor of 33113688 and 5860?
1172
Calculate the highest common factor of 7758542 and 550.
22
Calculate the greatest common factor of 8423095 and 2026.
1013
What is the highest common factor of 336858 and 16077?
69
What is the greatest common factor of 780835 and 185240?
55
What is the highest common divisor of 9337230 and 420?
210
Calculate the greatest common divisor of 172750349 and 6334.
3167
Calculate the greatest common divisor of 10 and 163578995.
5
What is the highest common factor of 131500 and 328450?
50
What is the greatest common factor of 67387 and 120949?
79
What is the highest common factor of 1406 and 180926189?
703
Calculate the greatest common factor of 96983402 and 2686.
2686
What is the greatest common factor of 298439 and 38048?
1189
What is the highest common factor of 1307 and 3988379771?
1307
What is the greatest common factor of 1348481 and 223?
223
What is the highest common divisor of 175459509 and 5914?
2957
What is the greatest common factor of 161440834 and 6536?
1634
What is the highest common divisor of 45 and 3846562?
1
What is the greatest common factor of 1674 and 342674?
62
Calculate the highest common factor of 6858 and 5483098.
254
What is the highest common factor of 646 and 9614570?
38
Calculate the greatest common factor of 1740463 and 107143.
349
What is the highest common divisor of 469600 and 40025?
25
What is the greatest common divisor of 872091 and 50094?
2277
What is the highest common divisor of 2659501 and 83291?
1937
Calculate the highest common factor of 11760111 and 1287.
99
What is the greatest common divisor of 150 and 125545100?
50
Calculate the highest common divisor of 158071 and 13.
1
Calculate the highest common divisor of 166075804 and 620.
124
Calculate the highest common divisor of 5685 and 122415.
15
What is the highest common divisor of 262 and 52424104?
262
What is the greatest common factor of 99669570 and 22?
22
What is the greatest common factor of 10590 and 27466224?
2118
Calculate the highest common factor of 50097186 and 7704.
1926
What is the greatest common divisor of 14027 and 535184?
1079
What is the greatest common divisor of 15486091 and 8063?
733
What is the greatest common factor of 560 and 20216280?
280
Calculate the greatest common divisor of 118 and 2804388.
118
Calculate the greatest common divisor of 85852203 and 57.
57
What is the highest common factor of 31564878 and 92?
46
What is the highest common factor of 10784135 and 10?
5
Calculate the greatest common factor of 24263 and 2755.
19
Calculate the greatest common factor of 1208796 and 36.
12
What is the highest common factor of 42 and 3749032?
14
What is the greatest common factor of 5322095 and 3245?
295
Calculate the greatest common divisor of 2046 and 11388564.
66
Calculate the highest common factor of 284 and 981044.
4
What is the highest common divisor of 1332400 and 2030?
10
What is the highest common factor of 63087 and 71366?
17
What is the greatest common divisor of 6691272 and 228?
12
What is the greatest common divisor of 524622 and 672?
42
What is the highest common factor of 1991662640 and 12210?
4070
What is the highest common factor of 3340 and 52036198?
334
What is the greatest common factor of 33937020 and 1950?
390
What is the greatest common divisor of 99554 and 532402?
26
Calculate the greatest common divisor of 12201 and 259209.
249
Calculate the highest common divisor of 260483502 and 114.
114
What is the highest common divisor of 25103190 and 45?
15
Calculate the greatest common factor of 72 and 175147155.
9
What is the greatest common factor of 222010225 and 145?
145
Calculate the greatest common divisor of 16199019 and 279.
279
What is the highest common divisor of 470406500 and 1000?
500
Calculate the highest common factor of 298 and 257843606.
298
Calculate the greatest common factor of 3760086 and 16192.
506
What is the highest common divisor of 124 and 197314938?
62
Calculate the greatest common divisor of 7428 and 182205126.
3714
Calculate the highest common factor of 19360166 and 12516.
2086
What is the greatest common divisor of 15496355 and 1085?
35
What is the greatest common factor of 486 and 2628909?
27
What is the highest common factor of 34263993 and 323?
17
What is the highest common factor of 408 and 1287784?
136
What is the greatest common fa